eatest common factor of 2 and g?
2
Suppose -4*w - 2*p = w + 16, 4*p - 8 = 0. Let i = 4 + w. Suppose i = o + 4*o - 30. What is the greatest common divisor of o and 18?
6
Let a(x) = x**3 + 9*x**2 - 2*x - 8. Let d(l) = 3*l. Let j be d(-3). Let b be a(j). Calculate the greatest common divisor of 4 and b.
2
Suppose -5*r + 224 = 2*r. What is the greatest common divisor of 8 and r?
8
Suppose -c - r + 1 = -2, -4*c + 37 = -r. What is the greatest common factor of c and 64?
8
Let d = -93 + 47. Let s = -26 - d. Calculate the highest common factor of s and 30.
10
Suppose -3*f - 2*f - y = -7, 4*f = 2*y. Let p = f + 3. What is the greatest common factor of p and 8?
4
Suppose 5*h + f = 95, 6*h = 2*h - 5*f + 97. Calculate the greatest common divisor of h and 2.
2
Let t(v) = 173*v + 7. Let p be t(1). Calculate the greatest common factor of p and 72.
36
Let k(n) be the third derivative of n**5/30 + n**4/4 + n**3/3 - 6*n**2. Let m be k(6). What is the greatest common factor of 10 and m?
10
Let p(v) = 31*v + 4. Let t be p(3). Let u = -20 + t. Suppose -2*o - 2*o + 3*w = -50, o + 5*w = 1. Calculate the highest common divisor of o and u.
11
Let c be 1*(1*-3 - 0). Let y be ((-6)/(-4))/(c/20). Let g = y + 19. What is the greatest common divisor of 9 and g?
9
Let w be (-140)/(-15) - (-1)/(-3). Suppose 2*k + w + 11 = -5*x, 3*x - 4*k = 14. Let s be x/1 + (-120)/(-5). What is the highest common factor of 110 and s?
22
Suppose 0 = 5*d + 2*a + 141, -15 = 6*a - a. Let g be 6/d - (-25)/(-9). Let y be (37 - -1) + 5 + g. Calculate the greatest common divisor of 10 and y.
10
Suppose 2*m + m = -3*v + 48, 3*v + 2*m - 44 = 0. Calculate the highest common factor of 60 and v.
12
Let c(s) = s**2 + 5*s + 10. Let d be c(-4). Calculate the highest common divisor of d and 15.
3
Let x be ((-30)/(-9) - 3)*0. Let k be 3/((-12)/2)*x. Suppose v + 5*h - h - 40 = k, -4*v + 3*h + 84 = 0. Calculate the highest common divisor of v and 6.
6
Suppose 6*n = n + 95. Calculate the greatest common divisor of n and 19.
19
Let y = 117 + -57. What is the highest common factor of 24 and y?
12
Let w = 7 - 4. Suppose -52 - w = -q. What is the greatest common factor of q and 5?
5
Let v be ((-18)/8)/((-21)/28). Calculate the greatest common divisor of 18 and v.
3
Suppose -i + 2*h = -18, -11 = -i - 5*h + 28. What is the greatest common factor of i and 216?
24
Let x be ((-396)/90)/((-1)/(-5)). Let i = x - -27. What is the highest common divisor of i and 5?
5
Let h(i) = 4*i - 57. Let a be h(16). Calculate the highest common factor of 7 and a.
7
Let b be -2 - (2 + -1 - 2)*17. Suppose 763 = 5*t - 62. Calculate the greatest common divisor of b and t.
15
Let h be ((-224)/20)/((-4)/30). Calculate the highest common divisor of 12 and h.
12
Let a = 15 - 10. Let f(u) = 5*u - 4. Let d be f(a). What is the highest common divisor of d and 147?
21
Let p be (-64)/6*105/(-10). Calculate the highest common factor of 16 and p.
16
Let n(h) = h**2 - 3*h - 2. Let m be (2/(-6))/((-2)/18). Let t be n(m). Let p be (40/t)/(-3 - -2). What is the greatest common factor of p and 8?
4
Suppose 5*w - 201 = -2*c, -w = -c - 79 + 190. Let t be 136/5 + (-2)/10. Calculate the greatest common divisor of c and t.
27
Let k = -16 - -28. Let l = 3 - -9. What is the greatest common divisor of k and l?
12
Suppose 0 = -3*q + 8*q - 360. Let w(j) = j**2 - 6*j + 0*j + 5 + 3. Let p be w(6). What is the highest common divisor of p and q?
8
Let h be (5 + -9)*30/(-4). What is the greatest common divisor of h and 6?
6
Suppose -y - v + 10 = -96, -4*v - 304 = -3*y. Calculate the greatest common factor of y and 13.
13
Let l = 36 - 24. Let q(g) = g**2 + g. Let t be q(-1). Suppose -3*z + 4*c = c - 330, 3*c + 6 = t. What is the highest common divisor of l and z?
12
Suppose -2*u = 2*u + 48. Let p = -8 - u. What is the greatest common divisor of 10 and p?
2
Suppose -v = -c + 5, 20 = 9*v - 4*v. Suppose -4*l + 199 = -193. Suppose 0 = 2*t - l - 64. What is the greatest common factor of c and t?
9
Suppose 2*x = x + 14. Let t = 0 - 1. Let o be 2 - (-152 + t + 1). What is the highest common factor of x and o?
14
Let w(y) = -41*y**3 - 2*y**2 + 1. Let u be w(-1). Let a = -61 + 77. Calculate the greatest common factor of a and u.
8
Let y = 16 + -11. What is the highest common divisor of 5 and y?
5
Let y = -3 - 12. Let c = y - -29. What is the greatest common factor of 2 and c?
2
Suppose 3*t = -4*x + 46, -4*t + 36 = 2*x - 12. Suppose -n - 2*n - 9 = 0. Let m = t + n. Calculate the highest common divisor of 63 and m.
7
Suppose 5*h - 1 = 4, h + 23 = 2*m. What is the highest common factor of 12 and m?
12
Suppose -4*j = -m - 4*m - 575, -605 = -4*j - m. Suppose j = 3*u - 18. Calculate the greatest common factor of u and 7.
7
Suppose 8 = g - 12. Suppose 0 = 3*n - 20 - 40. What is the greatest common factor of g and n?
20
Let q = -22 + 24. Let p(x) = 10*x**3 - x**2 - x - 2. Let s be p(q). What is the greatest common divisor of 24 and s?
24
Let g = -15 + 27. Let f = 25 - g. Calculate the greatest common factor of f and 13.
13
Let d = 27 + 44. Let a = d + -50. What is the greatest common factor of 3 and a?
3
Suppose t = 4*l - 40, -7*t = 3*l - 2*t - 30. Let a = -8 + l. Let y = 0 - -2. What is the greatest common factor of y and a?
2
Let i(m) = -4*m - 1. Let y be (-4)/12 + (-8)/3. Let f be i(y). Let b = f + -7. Calculate the greatest common factor of b and 16.
4
Let h(c) = -c**2 + 9*c + 2. Let g be h(9). Suppose -g = x + 9. Let q = x - -88. What is the greatest common factor of q and 7?
7
Let k = -1 + 15. What is the greatest common factor of k and 154?
14
Suppose -3*l + 6*l - 132 = 0. Suppose 0 = -5*c, -2*y - 2*c + 1 + 7 = 0. What is the highest common factor of l and y?
4
Suppose 0 = -34*q + 36*q - 4. What is the highest common factor of 1 and q?
1
Let v(u) = -u + 31. Let c be v(14). What is the highest common factor of c and 34?
17
Let y = 21 - 15. Suppose 2*r + 20 = y*r, 5*f - 400 = 5*r. What is the highest common divisor of f and 34?
17
Let r(v) = -v**3 - 11*v**2 - 9*v - 10. Let m be r(-10). Let p = m + 36. Let k(a) = 2*a - 4. Let g be k(3). Calculate the greatest common factor of g and p.
2
Let x = -86 - -154. Calculate the highest common divisor of x and 85.
17
Let x = 16 - 4. Let z be -2*6*(-2)/6. Let b be (-234)/(-8) - (-3)/z. What is the highest common factor of b and x?
6
Let v = 6 - 2. Suppose 4*l = 0, -124 = -v*p + 2*l - 20. Suppose -2*g + 11 = -15. Calculate the greatest common divisor of g and p.
13
Let l(v) = v**3 + 7*v**2 + 6*v + 5. Let s be l(-6). Suppose s*f - 81 = -4*k + 16, 3*f + 4*k = 63. Let c = f - 1. What is the greatest common divisor of c and 4?
4
Let w be 4/14 - 60/14. Let m be 0/(-3)*(-2)/w. Suppose 4*t + m*t + 296 = 4*c, t = -2*c + 157. Calculate the highest common factor of 7 and c.
7
Let s be -2*(0 + -1*(29 - 1)). Calculate the greatest common divisor of 8 and s.
8
Suppose 0*m + m + l = 85, 0 = -5*m - 4*l + 424. Let v be m/16 + 6/8. Calculate the greatest common factor of 4 and v.
2
Suppose g - 2 = -3*l, 2*l - 37 = 4*g - l. Let a = g + 16. Let w = a - -15. What is the greatest common divisor of w and 24?
24
Let t = -81 - -176. Let u = 40 + -2. What is the greatest common divisor of u and t?
19
Suppose 0 = -2*y - 2*x - 0*x + 86, 2*y = -5*x + 80. Calculate the greatest common divisor of 5 and y.
5
Suppose 4*l - 2*l = 144. Calculate the greatest common factor of l and 12.
12
Let b(n) = -n - 2. Let j be b(-4). Suppose -2*z + z = -4*f + 14, j = -5*z + 3*f. Calculate the greatest common factor of z and 4.
2
Suppose 5*u = 7*u - 40. Let z = u - -4. What is the highest common divisor of z and 6?
6
Let c = -13 + 18. Suppose q - 76 = -0*q + 5*g, g - 484 = -c*q. Calculate the greatest common factor of q and 12.
12
Let q(i) = -i**2 + 6*i - 3. Let y(o) = o**3 + 3*o**2 + 1. Let a be y(-2). Let l be q(a). Let r = 5 - l. What is the highest common divisor of 3 and r?
3
Suppose 0 = -2*j - 3*j - 3*n + 1030, n = -2*j + 411. Calculate the highest common divisor of 29 and j.
29
Suppose 0 = -p - 1, 5*p + 4 + 3 = h. Suppose 3*l - 3*w - 285 = 0, -4*w + 306 = h*l + l. What is the greatest common divisor of 14 and l?
14
Let u = 43 - 36. What is the highest common factor of 1 and u?
1
Let k be (-2)/((-8)/4) - -27. Calculate the greatest common divisor of 7 and k.
7
Let j = -10 - -3. Le